erivative of 5*p**4/2 + p**3/6 + 5*p**2/2 + 5*p + 12. Let v(q) be the first derivative of f(q). Is v(4) prime?
False
Suppose 0 = -5*u + 75 + 65. Suppose 4*x + 0*x + u = -2*c, -3*c + 22 = -2*x. Let d(q) = -45*q + 13. Is d(x) a composite number?
False
Let q(o) = o**3 + 11*o**2 + o + 9. Let s be q(-11). Let p = s + 0. Is (p - (-12)/2) + 85 a prime number?
True
Is (-14)/(-4) + 335599397/406 a composite number?
False
Suppose 0 = -8*o + 9*o. Suppose o*h + 744 = h. Let m = 1043 - h. Is m a composite number?
True
Suppose 17451 = 5*z + i, -5*z + 3*z - 3*i + 6970 = 0. Let x = z + -1912. Is x a composite number?
False
Let v(c) = 302*c**2 - 39*c + 44. Is v(21) a composite number?
True
Suppose 2242 + 2754 = -5*q + 3*l, -4019 = 4*q + 5*l. Let p = 13634 - q. Is p a composite number?
True
Suppose -5*u = -u + 1256. Let x = u + 5974. Suppose 3*c + c = x. Is c a prime number?
False
Let h = 18 - 18. Suppose -4*l + h*l + 24 = 0. Is 2 + -1 + 4596/(0 + l) a composite number?
True
Let o(t) = -t + 1. Let f be o(-3). Suppose -f*x - 9*x + 20605 = 0. Is x a prime number?
False
Suppose -33*p + 78206 + 55213 = 0. Is p composite?
True
Let w be ((1 - -1)*-4)/(-1 + -1). Suppose 2861 = 3*y - 0*v - w*v, 2*y + 3*v - 1930 = 0. Is y a prime number?
False
Let a be 14/6 - (-16)/(-48). Suppose -14 = -w - 11. Suppose -4*n + 3*l = -4864, 5*n + w*l - 3627 = a*n. Is n composite?
False
Let x be (-7)/(-21)*(-1 + 25). Suppose 4*g = -66 + 82. Is (g/10)/(x/15140) a prime number?
True
Is 10763 - (-10)/50*-30 composite?
True
Is (-1420)/(-5)*9378/72 a prime number?
False
Let n be -4 - (-4 + -2) - 2713. Let t = n - -5188. Is t a composite number?
False
Let j(k) = -2*k**3 - 69*k**2 + 45*k + 21. Let g be j(-38). Suppose -7656 = 4*y - 3*s - 41332, s - g = -y. Is y prime?
True
Suppose 107*r - 52*r = 51*r + 1829884. Is r a composite number?
True
Let a(k) = -8*k**3 + 5*k - 10. Let b be a(-7). Let t = 4872 - b. Let z = t + -1274. Is z a prime number?
False
Let k(j) = 2592*j**2 - 18*j - 595. Is k(18) a composite number?
False
Let c = 108467 - -3480. Is c composite?
True
Let j = 29 - -5. Suppose j = 5*b + p, -3*p = 2*p - 20. Suppose 485 = -b*f + 7*f. Is f prime?
False
Let v be (2373/(-7) - 5)*(-18 - 2). Is (-4)/(-14) - v/(-224) composite?
False
Let d(j) = -4*j + 51. Let i be d(10). Let l(v) = v**3 + 7*v**2 + 2*v - 23. Is l(i) a composite number?
True
Let l be 3229 + 8/(-12)*(5 + 1). Let a = -1042 + l. Is a composite?
True
Let k(b) = 19366*b - 37. Is k(6) a prime number?
True
Suppose 30*y - 1128997 - 3032968 = 448705. Is y a composite number?
False
Let v = -47 - -63. Suppose 0 = -5*z + 2*o + 28, -z + 0*o - 5*o - v = 0. Suppose -z*k + 1373 + 399 = 0. Is k a composite number?
False
Suppose 0 = -0*y + 2*y - 22. Suppose -5*g - 15 = 0, y = 3*w + 5*g + 9968. Is 4/(-2)*w/4 a prime number?
True
Suppose -13*k + 117077 = -119575. Suppose -194*j + 206*j = k. Is j a prime number?
False
Suppose 0 = -84*z + 2784988 + 275384. Is z a prime number?
True
Let s(r) = -3*r - 19. Let t be s(6). Let v = -35 - t. Is 5274/12*v/3 a prime number?
True
Let w = -40 - 8. Is 2*(-5953)/4*(w + 46) a composite number?
False
Let o = -13 - -29. Let i(c) = c**3 - 17*c**2 + 15*c + 22. Let j be i(o). Suppose 329 = j*z - 769. Is z a prime number?
False
Suppose 0 = -6*y + 10*y - 16. Suppose -y*r = -59 - 17. Is r composite?
False
Suppose 4*v = 20, 3*b + 4*v - 3*v - 74 = 0. Suppose 2*d + 53 = b. Is (-41507)/d + (-6)/45 a composite number?
False
Let p be (-81)/(-108) - (-18)/8. Suppose -p*z = -3*k - 234, -3*k = -z - k + 77. Is z a prime number?
True
Let d(l) = 1109*l - 54. Let a be d(5). Let r = -2458 - -4740. Let g = a - r. Is g prime?
True
Let r = 28775 - -7992. Is r composite?
False
Suppose 5*v = 2*a - 370, 2*v + 65 + 64 = -3*a. Let o be (192/v)/((-2)/1257). Let x = o - 889. Is x composite?
False
Suppose -4*l + 15 = -0*m - m, 3*l - 6 = 0. Is 694 + m - (-2 - 2) prime?
True
Suppose 6*z - 303621 = z + 4*h, z - 5*h - 60741 = 0. Suppose 0 = -6*m - 35*m + z. Is m prime?
True
Is -8*(-4 - -6) + 43253 prime?
True
Suppose 0 = 59*d - 57*d - 6. Suppose 22328 = 4*z - 4*a, d*z - 5*a = -1408 + 18156. Is z a composite number?
False
Let t(u) = -u**3 + 50*u**2 - 60*u + 269. Is t(41) prime?
False
Suppose 23*b - 85 = 6*b. Is ((-5108)/(-20))/(1/b) composite?
False
Let h(v) = -15*v + 15. Let f be h(-4). Let q be (6/(-30))/((-3)/f). Suppose 2*u = -q*u + 4361. Is u a composite number?
True
Let s be 48/33 - (-42)/77. Suppose 0 = 2*q - 4, -s*f + 1662 = -0*f + 2*q. Is f a prime number?
True
Suppose 93469 = 2*t - 788055. Let y be t/95 + 6/(-10). Suppose -2*g = 6*x - x - y, 3*x = -5*g + 11588. Is g composite?
True
Suppose 76*s - 6254323 = -45*s + 13795498. Is s a composite number?
False
Let p(v) = 458*v**2 - 3*v + 15. Let o be p(4). Let j = o + -3760. Is j composite?
False
Suppose -3*i - 4*w = -32, -i - 3 = -3*w + 8. Let h(u) = 4*u**2 - 2*u + 14. Let f be h(i). Suppose -121 = -l + f. Is l a prime number?
True
Let v(o) = 25*o + 6. Let k be v(-4). Let b = -3006 + 2793. Let f = k - b. Is f a prime number?
False
Let l(y) = 2*y - 6. Let t be l(4). Is ((-2333)/t)/((-2)/4) prime?
True
Let x(z) = 1228*z**2 + 47*z + 183. Is x(-14) composite?
True
Let z be (1 + -15)*((-12)/3 + 3). Suppose -3*a + 4*a - 2*t = z, -10 = 5*t. Let o = 393 + a. Is o a prime number?
False
Let g = -3158 - -2051. Let x = -142 - g. Is x prime?
False
Suppose 8*m + 36*m - 224444 = 0. Suppose -4*o - w = -174 - m, 0 = -3*w - 3. Is o a prime number?
True
Let j(d) be the third derivative of -1/2*d**3 + 1/5*d**5 + 9*d**2 + 1/6*d**4 + 0 + 0*d. Is j(7) composite?
False
Let t(x) = 73*x**2 + 23*x - 301. Is t(-10) a prime number?
False
Suppose -133559 = -l + 3*o, 998*l + 3*o = 1003*l - 667819. Is l composite?
True
Let t(g) = 3*g**2 + 4034 - 3*g**2 + g + 2709 + 3*g**2. Is t(0) prime?
False
Let r be -19 - -9*2/3. Let q(m) = 5*m**2 + 23*m - 17. Is q(r) prime?
False
Let z(t) = 27*t + 119. Let i be z(-4). Suppose -i*h - 9959 + 107892 = 0. Is h a prime number?
False
Let z(g) = 191*g**2 - 9*g + 63. Let m be z(7). Suppose 75679 + m = 6*y. Is y a prime number?
True
Let j be -213*4/(-6) - -1. Let u be 0 - (-2)/16 - (15939/(-264))/21. Suppose -42 = u*q + 4*g - j, 5*g = -4*q + 134. Is q a prime number?
True
Let k(s) = -120740*s - 737. Is k(-12) prime?
False
Suppose 1236 = 2*k - 5500. Let b = k - 2208. Suppose 5*y - b = -j, -j - y - 67 = -1231. Is j composite?
True
Let w = 745 - 737. Suppose 4*t - w*t - 3*g + 43036 = 0, -5*g - 21544 = -2*t. Is t composite?
True
Let f = -122110 + 204761. Is f a prime number?
True
Is 15/(-50) - (0 + (-18400612)/40) composite?
True
Let a = 27049 - -166750. Is a prime?
True
Suppose -17 - 10 = -9*x. Suppose 9270 = 5*h + 5*o, 0*h = h - x*o - 1834. Is h prime?
False
Suppose 0 = -66*u + 1505511 + 4410413 - 838478. Is u a prime number?
False
Let f = 216775 + -139098. Is f prime?
False
Let c = -160 + 664. Suppose -7*k - 2*k - c = 0. Let a = 78 + k. Is a composite?
True
Suppose 22*l = -15*l + 152662. Suppose a - l = 10003. Is a prime?
False
Let k(g) = g**3 - 6*g**2 - 6*g - 4. Let u be k(7). Let r be 2771/3 - 2/u. Let y = r + -16. Is y composite?
False
Suppose 175*v - 4723574 - 56079431 = 14736970. Is v prime?
True
Let p be -2*(-2 + 3)*-42727. Suppose -p = 17*i - 281277. Is i a prime number?
True
Let a = 32933 + -10500. Is a composite?
False
Let m(k) = 1019*k**2 - 78*k + 1202. Is m(21) a composite number?
True
Suppose 14*u - 18*u = 44. Let h(z) = z**2 + 10*z - 22. Let p be h(u). Let l(d) = -29*d - 12. Is l(p) composite?
False
Suppose -4*a = -8*a - 8140. Let s = a - -3649. Suppose -w + 345 = -5*b - 175, 3*b = -3*w + s. Is w composite?
True
Let x = 1422147 + -722312. Is x a prime number?
False
Let y(d) = d**3 - 5*d**2 + 7*d - 8. Let o be y(4). Suppose o*l = j - 1182, 0*j + 5*j + 2*l - 5932 = 0. Is j a composite number?
True
Let t be 6/4 - 37815/(-30). Suppose 12*u + t = 14*u. Is u prime?
True
Suppose 19212558 = 187*h + 9254963 - 11416318. Is h prime?
True
Let o(c) = c**3 + 6*c**2 + 15*c + 33. Let s be o(-4). Suppose 2*j + 3*g - 5927 = 0, 3*j - 11851 = -j - s*g. Is j composite?
True
Let w = 11 - 12. Let p be 25 + -27 - (w - -4). Is p + (-43337)/(-28) + 1/4 prime?
True
Let c be (((-16)/(-7))/2)/(8/28). Suppose 4*f - 8380 = c*l, -9*f + 8*f - 4*l + 2115 = 0. Is f prime?
True
Is (-53722995)/(-830)*(-4)/(-6) a composi